190b2d
-3421140103 (base 5) to base 10
-7599403
What is -51a7b (base 13) in base 11?
-a031a
-267070 (base 9) to base 3
-22021002100
Convert 2100112301 (base 4) to base 16.
905b1
What is 848ec (base 16) in base 2?
10000100100011101100
Convert -94397 (base 11) to base 8.
-414532
Convert 43876 (base 10) to base 13.
16c81
What is 101312112001 (base 4) in base 16?
476581
-3230310042 (base 5) to base 15
-910017
Convert -471095 (base 16) to base 5.
-2143013201
Convert -3662053 (base 8) to base 7.
-11400524
Convert -14e65 (base 15) to base 14.
-1a7a2
Convert -3032202 (base 5) to base 3.
-2111021202
What is -221200232 (base 4) in base 8?
-514056
Convert -356d4a (base 15) to base 9.
-4723087
What is -132338 (base 9) in base 11?
-55503
-22211312 (base 4) to base 8
-124566
-302000121 (base 4) to base 11
-12a985
Convert 76852 (base 14) to base 13.
a0842
What is -3020022030 (base 5) in base 6?
-332545044
What is -5019b6 (base 16) in base 11?
-2a65aa9
What is 325700 (base 9) in base 2?
101111011110110001
What is -585432 (base 9) in base 13?
-c4133
Convert 2202121210010 (base 3) to base 12.
5a9ba0
Convert -31033313002 (base 4) to base 6.
-202233534
-115202 (base 6) to base 2
-10011111110010
-111211132 (base 5) to base 4
-1313332121
Convert 7941 (base 11) to base 2.
10100011010011
Convert -fa80 (base 16) to base 6.
-1212520
What is -4213151 (base 6) in base 11?
-12a455
-12231112003 (base 4) to base 16
-1ad583
What is 22130112 (base 4) in base 3?
2011200020
Convert 37493 (base 12) to base 6.
1335103
What is -736273 (base 8) in base 6?
-5125523
Convert 145224611 (base 7) to base 8.
44750414
What is 4430303 (base 6) in base 3?
102021011010
-611637 (base 8) to base 13
-70a11
What is -12433114 (base 5) in base 15?
-26bc4
What is 28700 (base 14) in base 6?
2051404
23011021330 (base 4) to base 6
142131404
What is -110110100000111 (base 2) in base 9?
-42252
What is -12512203 (base 6) in base 16?
-650eb
Convert 11141054 (base 8) to base 15.
328ba4
What is -5d5cc (base 14) in base 3?
-102122000020
Convert -1232200 (base 5) to base 2.
-101110111110010
Convert -235444 (base 6) to base 15.
-61e7
Convert -12200002000 (base 3) to base 11.
-76927
-100011000101111111001111 (base 2) to base 8
-43057717
Convert -24153421 (base 6) to base 4.
-2321323111
-8272 (base 12) to base 11
-a738
bc718 (base 16) to base 4
2330130120
What is 20021103033 (base 4) in base 13?
599b7a
What is 20220102 (base 4) in base 16?
8a12
What is 503227 (base 9) in base 2?
1001000101010010011
490b52 (base 12) to base 4
10200331232
1010010010110110101111 (base 2) to base 11
1583608
Convert 1a3b624 (base 12) to base 10.
5556412
Convert -2665930 (base 10) to base 8.
-12126712
What is -1222414222 (base 6) in base 4?
-311320013012
Convert -210112201121 (base 3) to base 11.
-26a686
1111021201 (base 3) to base 14
a9ba
858632 (base 9) to base 7
4230245
What is -53c05 (base 15) in base 5?
-32002310
What is 58a935 (base 12) in base 2?
101011100110010111001
What is 1001000122 (base 4) in base 7?
2156200
6b308a (base 13) to base 12
a2aaa2
What is -4102535 (base 7) in base 2?
-1110111001110101000
Convert f25694 (base 16) to base 5.
13031210001
70b138 (base 12) to base 8
6557374
What is -1719 (base 10) in base 13?
-a23
-2622 (base 9) to base 8
-3654
105123214 (base 6) to base 14
381242
What is 250132204 (base 6) in base 4?
102030310030
Convert -4112305 (base 7) to base 13.
-142429
1001241310 (base 5) to base 14
396a49
-427478 (base 9) to base 2
-111110001101100000
What is -555350442 (base 6) in base 11?
-5751aa0
Convert -1679a (base 11) to base 10.
-23583
What is -6786695 (base 11) in base 2?
-101101010101000010101011
Convert 677695 (base 13) to base 4.
21110232220
Convert 2151421 (base 6) to base 16.
1a5a5
-6ab60 (base 13) to base 12
-95009
What is -2017715 (base 8) in base 2?
-10000001111111001101
Convert 148b905 (base 13) to base 9.
13317065
Convert 11000110100011001001001 (base 2) to base 4.
120310121021
Convert 41100243 (base 5) to base 14.
88a5d
Convert 65ba5 (base 14) to base 6.
5141141
What is 3bb5d4 (base 16) in base 15?
5246d2
-5332161 (base 7) to base 10
-646647
83942 (base 10) to base 12
406b2
Convert 25030302 (base 6) to base 14.
16a714
3917082 (base 10) to base 5
2000321312
-4671216 (base 8) to base 10
-1274510
3acd5 (base 16) to base 15
4b56d
What is -7604 (base 12) in base 5?
-403324
Convert -126192 (base 11) to base 6.
-4131101
-243207 (base 8) to base 15
-19b7b
121311322 (base 5) to base 3
1002002121120
Convert -80253 (base 10) to base 13.
-2a6b4
Convert -60305771 (base 8) to base 10.
-12684281
Convert 3302231333 (base 4) to base 5.
223303200
-121300302 (base 4) to base 8
-316062
Convert 678346 (base 11) to base 7.
12115156
Convert 2558750 (base 11) to base 4.
100322103230
What is -120012202 (base 4) in base 2?
-11000000110100010
-101110111111110011000 (base 2) to base 9
-2806422
Convert 4667017 (base 8) to base 2.
100110110111000001111
70112 (base 14) to base 10
269124
Convert -914168 (base 10) to base 4.
-3133023320
Convert 46b8b (base 13) to base 6.
2435024
What is -10021000101 (base 3) in base 14?
-19550
What is -46483 (base 11) in base 12?
-32a19
2047273 (base 8) to base 16
84ebb
-425138 (base 10) to base 14
-b0d10
Convert a169a (base 12) to base 15.
4239a
What is 203033145 (base 6) in base 10?
3503801
What is -312323341 (base 5) in base 10?
-1292346
What is -3183 (base 14) in base 8?
-20537
Convert -111000110110110000 (base 2) to base 6.
-4554052
-78146 (base 12) to base 4
-212313012
79609 (base 11) to base 5
12141301
Convert 33903 (base 12) to base 6.
1250003
-45251 (base 11) to base 8
-177755
Convert -204172 (base 15) to base 16.
-1762a6
What is -21314201 (base 7) in base 15?
-25de88
-58902 (base 10) to base 12
-2a106
Convert -101100010001011010 (base 2) to base 4.
-230101122
Convert 1100111010010000 (base 2) to base 10.
52880
Convert -12353355 (base 6) to base 9.
-674868
928 (base 14) to base 8
3410
11e32 (base 15) to base 12
29125
Convert -93725 (base 10) to base 12.
-462a5
Convert 50427 (base 14) to base 10.
192899
What is 22054 (base 13) in base 9?
103427
What is -103953 (base 11) in base 15?
-34396
Convert -134133 (base 8) to base 12.
-2338b
Convert -20332323023 (base 4) to base 8.
-10767313
What is 26316 (base 8) in base 12?
677a
Convert 12344113 (base 7) to base 2.
100010001100000101001
Convert 111100011110001 (base 2) to base 16.
78f1
Convert -781726 (base 9) to base 2.
-1110010000011001111
What is -d2ab47 (base 15) in base 5?
-10030300132
Convert -33200211310 (base 4) to base 14.
-77b91a
Convert 64879 (base 13) to base 11.
114497
What is -2304395 (base 10) in base 8?
-10624613
What is 2b117 (base 13) in base 11?
56241
What is 2300114240 (base 5) in base 12?
1851291
-111011122102 (base 4) to base 5
-2403332221
Convert -19bd14 (base 15) to base 4.
-10302122131
What is 21111221121 (base 3) in base 11?
a117a
-477887 (base 15) to base 14
-64d5bd
1422403113 (base 5) to base 11
2108a02
1201122112 (base 3) to base 9
51575
Convert -1023601 (base 7) to base 12.
-5b767
Convert -131613 (base 7) to base 10.
-24657
Convert 111414213 (base 5) to base 7.
4143031
What is 3343351 (base 7) in base 6?
12513304
-456135 (base 7) to base 12
-3b106
What is 215210 (base 11) in base 3?
122110101211
1022177 (base 8) to base 10
271487
Convert 1625613 (base 8) to base 14.
c3363
601ba5 (base 13) to base 2
1000100000111010001101
What is -21211020212102 (base 3) in base 15?
-57207e
-126333624 (base 7) to base 9
-16342343
Convert -20572 (base 16) to base 3.
-20201201011
-7734641 (base 8) to base 16
-1fb9a1
What is 378948 (base 11) in base 9?
1110460
What is -15319 (base 12) in base 13?
-10767
Convert 848b42 (base 12) to base 3.
10221010122112
6211 (base 7) to base 9
2864
Convert 38593 (base 16) to base 7.
1650616
Convert -113610 (base 14) to base 10.
-585662
Convert 2353225 (base 8) to base 5.
131113012
Convert 74302 (base 8) to base 14.
b3a2
Convert 12211325 (base 6) to base 4.
1133110211
-53852c (base 15) to base 10
-3976917
-13030031 (base 6) to base 8
-1473603
-14826548 (base 9) to base 4
-130032122132
What is 14000412 (base 5) in base 6?
3003312
Convert -19300 (base 10) to base 11.
-13556
Convert -358019 (base 10) to base 5.
-42424034
What is 7a952b (base 13) in base 15?
3c5c7b
What is 1112000210222 (base 3) 